{"id":31,"date":"2013-06-09T18:38:14","date_gmt":"2013-06-09T16:38:14","guid":{"rendered":"http:\/\/blog.milde-honig.de\/?page_id=31"},"modified":"2013-06-09T18:38:14","modified_gmt":"2013-06-09T16:38:14","slug":"daten-zu-den-bienen","status":"publish","type":"page","link":"http:\/\/blog.milde-honig.de\/?page_id=31","title":{"rendered":"Daten zu den Bienen"},"content":{"rendered":"<ul>\n<li>Die Biene wiegt ca. 1\/10 g, ist etwa 1,5 cm lang und hat einen Durchmesser von ca. 5 mm.<\/li>\n<li>Ein gutes Volk hat ca. 40.000-60.000 Bienen\u00a0 entspr. ca. 3 \u2013 5 kg<\/li>\n<li>Das Bienengeh\u00e4use besteht aus einem im hinteren Bereich dehnbaren Chitinpanzer.<\/li>\n<li>Beim Flug bewegt die Biene die Fl\u00fcgel mit ca. 120-250 Hz<\/li>\n<li>Eine Biene kann eine Fluggeschwindigkeit von ca. 30 km\/h erreichen<\/li>\n<li>Im Kern des Bienenvolkes herrscht konstand eine Temperatur von ca. 30\u00b0C<\/li>\n<li>Die Biene fliegt\u00a0 bis zu\u00a0 3 km zur Trachtquelle.<\/li>\n<li>In einem guten Trachtjahr erzeugt ein Bienenvolk f\u00fcr den Imker ca. 25-40 kg Honig.<\/li>\n<li>Die\u00a0 von den Bienen daf\u00fcr zur\u00fcckgelegte Flugstrecke betr\u00e4gt etwa der Entfernung zum Mond und zur\u00fcck (ca. 800 000 km).<\/li>\n<li>In Wirklichkeit sammelt ein Bienenvolk aber inklusive dem Anteil, den es f\u00fcr sich selber ben\u00f6tigt (eigenes Futter, Pollen, f\u00fcr Brutpflege) die 3-4 fache Menge, also 75-120 kg.<\/li>\n<\/ul>\n","protected":false},"excerpt":{"rendered":"<p>Die Biene wiegt ca. 1\/10 g, ist etwa 1,5 cm lang und hat einen Durchmesser von ca. 5 mm. Ein gutes Volk hat ca. 40.000-60.000 Bienen\u00a0 entspr. ca. 3 \u2013 5 kg Das Bienengeh\u00e4use besteht aus einem im hinteren Bereich &hellip; <a href=\"http:\/\/blog.milde-honig.de\/?page_id=31\">Weiterlesen <span class=\"meta-nav\">&rarr;<\/span><\/a><\/p>\n","protected":false},"author":1,"featured_media":0,"parent":11,"menu_order":2,"comment_status":"closed","ping_status":"closed","template":"","meta":{"footnotes":""},"class_list":["post-31","page","type-page","status-publish","hentry"],"_links":{"self":[{"href":"http:\/\/blog.milde-honig.de\/index.php?rest_route=\/wp\/v2\/pages\/31","targetHints":{"allow":["GET"]}}],"collection":[{"href":"http:\/\/blog.milde-honig.de\/index.php?rest_route=\/wp\/v2\/pages"}],"about":[{"href":"http:\/\/blog.milde-honig.de\/index.php?rest_route=\/wp\/v2\/types\/page"}],"author":[{"embeddable":true,"href":"http:\/\/blog.milde-honig.de\/index.php?rest_route=\/wp\/v2\/users\/1"}],"replies":[{"embeddable":true,"href":"http:\/\/blog.milde-honig.de\/index.php?rest_route=%2Fwp%2Fv2%2Fcomments&post=31"}],"version-history":[{"count":1,"href":"http:\/\/blog.milde-honig.de\/index.php?rest_route=\/wp\/v2\/pages\/31\/revisions"}],"predecessor-version":[{"id":32,"href":"http:\/\/blog.milde-honig.de\/index.php?rest_route=\/wp\/v2\/pages\/31\/revisions\/32"}],"up":[{"embeddable":true,"href":"http:\/\/blog.milde-honig.de\/index.php?rest_route=\/wp\/v2\/pages\/11"}],"wp:attachment":[{"href":"http:\/\/blog.milde-honig.de\/index.php?rest_route=%2Fwp%2Fv2%2Fmedia&parent=31"}],"curies":[{"name":"wp","href":"https:\/\/api.w.org\/{rel}","templated":true}]}}